 - 9*w + 5. Let g be (12/(-8))/((-2)/8). Determine p(g).
-13
Let x(z) = z**3 - z**2 + z + 3. Let k(b) = -6*b + 6. Let g(j) = -j**2 + j. Let m(a) = -g(a) - k(a). Let i be m(-6). Give x(i).
3
Let f(x) = -2*x + 1. Suppose -1 = 2*i + 5. Let c(d) = -d + 3. Let b be c(i). Suppose -2*t + 22 = 3*h - b*t, 4*t + 16 = 0. Calculate f(h).
-3
Let h be 1 - (-12)/(-7)*(-42)/(-12). Let n(a) = a**2 + 4 + 5*a + 2 + 5*a**2 + a**3. Calculate n(h).
6
Let w = -8 + 3. Let z(s) = -5*s - 2. Let r(g) = 4*g + 3. Let p(t) = 3*r(t) + 2*z(t). Calculate p(w).
-5
Suppose 4*l - 4*h - 8 = -0*l, 2*l = -5*h - 10. Let i be l - (-1)/3*-3. Let y(t) be the third derivative of -7*t**4/24 + t**3/6 - 3*t**2. Give y(i).
8
Let g(u) = u**3 - 6*u**2 + 7. Let h(l) = l**2 - 13*l + 13. Let c be h(13). Suppose 4*j = c + 11. What is g(j)?
7
Let m be 1*(-4)/(-6)*6. Let l(c) = -2*c**2 + 7*c - 6. Determine l(m).
-10
Let i(k) = k**3 - 11*k**2 + k - 15. Let u be i(11). Let h(a) = -a**2 - 4*a. Determine h(u).
0
Suppose m + 8 = -3*x, -2*m + 3*x - 1 = -30. Let g(y) = -y**2 + 7*y + 4. Give g(m).
4
Let r(a) = -2*a**3 - 2*a**2 - a - 2. Let i be 6/(-30) + 9/(-5). Determine r(i).
8
Let i(w) = -w**3 + 13*w**2 + 31*w - 16. Let f be i(15). Let z(t) = 5*t**2 - t - 1. Determine z(f).
5
Let h(t) be the first derivative of t**2/2 - 3*t + 14. Calculate h(6).
3
Let s(v) = v**2 - 1. Let m be s(1). Let f = 0 - m. Let z(a) = -a**2 + 1 + f*a**2 - 5*a - 5. Give z(-4).
0
Let m(u) = u**3 - 4*u**2 - 5*u - 3. Suppose 0 = 3*j - 7*j + 20. What is m(j)?
-3
Let k be -2 + (-1)/(3/(-21)). Let a(t) = t**3 - 4*t**2 - 3*t - 5. Calculate a(k).
5
Let m(q) = -2*q + 9. Let f(y) = -y + 4. Suppose 6 = 2*i - 6. Let t(w) = i*m(w) - 13*f(w). Let v be 8/(-28) - 38/14. Determine t(v).
-1
Let m(p) = -5*p**3 + p**2 + p - 2. Let g(s) = -4 + 24*s**3 - 5*s + 9 + 2 + 4 - 6*s**2. Let r(n) = -2*g(n) - 11*m(n). What is r(1)?
7
Suppose 0 = d - 3*j + 2*j + 1, 0 = 2*d + 2*j + 18. Let z(q) = -20 + 9 + 6 - 2*q. Let t be z(d). Let r(w) = -w**3 + 4*w**2 + 3*w + 6. Give r(t).
-4
Let t(d) be the first derivative of -2*d**3/3 - 3*d**2/2 - 3*d + 27. Calculate t(-2).
-5
Let m(t) = -t - 6. Let o be m(-5). Suppose -2 - 1 = -d. Let w(u) = -d*u**2 + 4*u**2 - 2 - 8*u**3 - 2 + 3. Give w(o).
8
Let q(a) be the first derivative of -a**4/4 + a**3 + 2*a**2 - 2*a + 8. Give q(4).
-2
Let z(v) = 24*v - 5 + 27*v - 54*v. Calculate z(-6).
13
Let p(x) = -x**2 - 3*x + 2. Let m = 17 + -10. Suppose 0 = -4*k - 19 + m. Calculate p(k).
2
Let g(l) = -l**2 + 3*l - 3. Let n(d) = 2*d**3 - d + 4. Let m be n(0). What is g(m)?
-7
Let h(j) = j**2 - 4*j - 1. Let y = 4 + -1. Give h(y).
-4
Let g(n) be the second derivative of n**5/20 - n**4/2 + n**3/3 - 3*n**2/2 + 50*n. Determine g(5).
-18
Let u(c) = -c**3 + 7*c**2 + 1. Let t be u(7). Let f(q) be the second derivative of -q**5/4 + q**3/6 + 2*q. Determine f(t).
-4
Suppose v + 3 = -1. Let g(n) = -n**3 - 3*n**2 + 5*n + 4. Give g(v).
0
Let x(v) be the third derivative of v**5/60 + 5*v**4/24 + v**3 + v**2. Let d = -91 - -86. Calculate x(d).
6
Let i(k) be the second derivative of -5/12*k**4 - k**3 - k**2 + 1/20*k**5 + 0 - 4*k. What is i(6)?
-2
Let o(d) be the third derivative of -d**5/60 + d**4/12 + 2*d**3/3 - d**2. Suppose -3*q - 16 = -4*q. Suppose -q = 2*v - 6*v. Give o(v).
-4
Let b(t) = t + 2. Let y be 1*(0/6 + 0). Give b(y).
2
Suppose 2*z + 0*z - 22 = 4*i, -z = 3*i + 9. Let s(q) = q**2 - 3*q - 8. Let m(o) = -3*o**2 + 9*o + 23. Let g(d) = -4*m(d) - 11*s(d). Calculate g(z).
-4
Let x(n) = -n. Let b(g) = g - 9. Let i(k) = b(k) + 2*x(k). Calculate i(-4).
-5
Let z = 5 - 7. Let o(g) be the first derivative of -2/3*g**3 + 3/2*g**2 - 2 + 2*g - 1/2*g**4. Calculate o(z).
4
Let h(f) = -14 + 30 - 10 + f**2 + 11*f. Calculate h(-10).
-4
Let m(h) = 3*h**2 - 17*h**3 + 4 + 16*h**3 + 2*h**2 + 6*h + h**2. Calculate m(7).
-3
Let i = 4 + -2. Let g(w) = i*w - 3 + 3. Let r = -13 - -9. Calculate g(r).
-8
Let f(h) = -h**2 - 6*h + 10. Let v(c) = -c**2 + 18*c + 12. Let s be v(19). Determine f(s).
3
Suppose -b + 4*i = 10, 0 = 5*b - 7*i + 2*i + 5. Suppose 2*r + 15 = -m, 10 = -r + b*m - 3*m. Let f(y) = y**2 + 8 - 11 - 4 + 3*y. Give f(r).
3
Let t(d) = -13 + 4 + 1 + 0 + d. Give t(-7).
-15
Let c(u) = -1 - 14*u - u**2 + 13*u + 1. Calculate c(-2).
-2
Let n(w) = w + 4. Let b be n(-3). Let o = -5 - -11. Let h = o - b. Let a(k) = k**3 - 5*k**2 - k - 3. Determine a(h).
-8
Let y = 11 - 6. Let h(g) be the third derivative of -g**6/120 + g**5/15 + 5*g**4/24 + 7*g**3/6 + 3*g**2 - 32*g. Determine h(y).
7
Let o(u) = -u**2 + 4*u + 17. Let s be o(7). Let j(n) = -n**2 - 4*n + 1. What is j(s)?
1
Let d(n) = 4*n**3 + 9*n**2 - 4*n + 9. Let t(h) = 3*h**3 + 8*h**2 - 4*h + 8. Let i(x) = -4*d(x) + 5*t(x). What is i(3)?
1
Let s(f) be the second derivative of -f - 3/2*f**2 - 1/3*f**4 - 1/20*f**5 - 1/3*f**3 + 0. Give s(-4).
5
Let d(w) = w**3 + 5*w**2 + 2*w + 2. Let a = -19 - -17. Determine d(a).
10
Let r(x) = -4*x - 4*x**2 - 2 + 2*x + 5*x**2 + x. Determine r(-3).
10
Let b(s) = s**2 + 13*s + 14. Suppose -o = -3*a + 11, -5*o - 55 = -0*a + 5*a. What is b(o)?
-8
Suppose -4*k + 0*k - 28 = 0. Let q(g) = g**3 + 9*g**2 - 8*g - 6. Let f(x) = x**2 + 1. Let y(l) = -3*f(l) + q(l). What is y(k)?
-2
Let d be 129/9 - 6/(-9). Let y(l) = -l**2 + l - 11. Let w be y(0). Let k = d + w. Let u(b) = b**3 - 4*b**2 - 3*b + 6. Give u(k).
-6
Let d(u) = -u**3 - 6*u**2 + 8*u + 2. Suppose 2*q = -0*q - 14. Determine d(q).
-5
Let n(k) = -3*k + 5. Let j(x) = 2*x - 6. Let b be -2*(1 + (-2)/(-2)). Let v(y) = b*j(y) - 3*n(y). Determine v(-5).
4
Let h(j) be the second derivative of -j**7/840 + j**6/360 + j**5/120 - 3*j**3/2 - 6*j. Let a(f) be the second derivative of h(f). Give a(2).
-2
Suppose 0 = 6*b - 3*b, 0 = -5*p - b + 10. Let u(n) = n - 2 - p + 1. Calculate u(-4).
-7
Let k(h) = h**3 - 2*h**2 - 3*h - 1. Let j be k(3). Let s(m) = -16*m**2 - 2*m - 1. Calculate s(j).
-15
Let l(t) = -3*t + 20. Let u be l(8). Let i(r) = -6*r**3 + 13*r**2 - 7*r + 2. Let f(a) = -5*a**3 + 12*a**2 - 7*a + 3. Let c(m) = u*i(m) + 5*f(m). What is c(7)?
7
Let x(l) = l - 1. Suppose -3*z = 4*u - 61, 5*u - 80 = -7*z + 2*z. Suppose 5 = -3*q - u. Give x(q).
-7
Suppose 5*m = 2*m + 5*x + 29, -5*x - 23 = -m. Let t(g) = 2*g**3 - 2*g**2 - 3*g - 1. Give t(m).
26
Let f(p) be the third derivative of p**5/60 + 2*p**2. Give f(1).
1
Let m(b) = 8 + 2*b - 5 + 0*b - 4*b**3 - b**2 - 4. Suppose x = -2*x - 3*y, 0 = 4*x - 3*y - 21. Suppose -x*c + 3 = 5*q - 2*c, c = -4*q + 2. Calculate m(q).
-4
Let a(w) = 18*w + 12. Let p(g) = g + 1. Let z(u) = a(u) - 10*p(u). Determine z(2).
18
Suppose 3*o - 2 = -5. Let l(b) = -b. Let t(z) = -4*z + 1. Let r = 15 - 12. Let y(v) = o*t(v) + r*l(v). What is y(-3)?
-4
Let j(s) be the first derivative of -s**6/120 - s**5/15 - s**4/8 - s**3/6 + 3*s**2/2 + 1. Let g(k) be the second derivative of j(k). Determine g(-3).
-1
Let l(q) = 2*q - 2*q**2 + 3 - 4*q - 2*q - 4. Calculate l(-3).
-7
Let g(d) = d**3 + 1198 - 1196 + d**2 + 2*d**2 + 5*d. Determine g(-3).
-13
Suppose 0 = 2*n + 2, 2*u + 2*u - 5*n + 3 = 0. Let b(m) = -2*m**2 - 3*m - 2. Let o(d) = -2*d**2 - 3*d - 2. Let v(i) = 7*b(i) - 6*o(i). Calculate v(u).
-4
Suppose 8*d + 73 = 105. Let a(t) = -9*t**2 - t - 1. Let g(o) = 5*o**2 + o. Let x(j) = -4*a(j) - 7*g(j). Calculate x(d).
8
Let p = -98 + 93. Let o(j) = j**2 + j - 1. Determine o(p).
19
Let l(k) be the third derivative of k**6/120 - k**5/10 + 5*k**4/24 - k**3/2 + 4*k**2. Suppose 3*f - 5 = -2*t, -5*f - 2*t + 10 = t. Determine l(f).
-3
Let h(w) = 6*w. Let n(i) = -1. Let b(u) = u**3 - 12*u**2 + 11*u - 3. Let x(o) = -b(o) + 5*n(o). Let f be x(11). Calculate h(f).
-12
Let p(i) = -i**2 - i + 1. Let y(r) = -6*r**2 + r + 4. Let x(m) = 5*p(m) - y(m). Calculate x(6).
1
Let b(g) = -7 + 5 - 7 + 2*g. Give b(6).
3
Let u(d) = -52*d + 25*d - 2 + 30*d. Let r = -6 - -4. Determine u(r).
-8
Let t(w) = w**3 + w**2 - 2*w. Let a(p) = 1 - 11*p - p**3 + 7*p**2 + 11*p. Let x be a(7). Let u be (2 + -3)/(x/(-2)). Calculate t(u).
8
Suppose -k + 3 + 1 = 0. Let j(c) = -3*c - k*c**2 - c - 3 - c**3 + 0*c. What is j(-3)?
0
Let p(u) = 3*u - 4*u - 3 - 6. Let m be p(-14). Let v(t) = -t + 3. Calculate v(m).
-2
Let f(l) = -l**2 - 10*l + 12. Let o be f(-11). Let v(p) = 2*p**2 - 4*p - p**3 + 0*p**3 + o + 1 + 1. Determine v(2).
-5
Let u(r) be the third derivative of -r**5/60 - r**4/3 + r**3/3 + 2*r**2. De